5/(-100)). Suppose 0 = 4*g + 18 - p. List the prime factors of g.
2, 3
Let x be (6/4)/((-3)/(-8)). Suppose 4*w - 12 = -5*t + t, x*w + 3*t = 8. Let d = w + 13. List the prime factors of d.
2, 3
Let p(v) = 4*v**3 - 3*v**2 - v + 2. List the prime factors of p(2).
2, 5
Let m(u) = u**2 + 5*u - 10. Let x be m(-7). Suppose 4*j = 4*b + 68, -4*j - x*b = -39 + 11. List the prime factors of j.
2, 3
Let d(r) = -r - 1. Let x(p) = p**3 + 8*p**2 + 2*p + 1. Let c(j) = 3*d(j) + x(j). Suppose 0 = -4*b - 31 - 1. List the prime factors of c(b).
2, 3
Let z(p) = 4*p**2 + 2*p + 6. Let u be z(-4). Suppose -4*j + 6*j = u. What are the prime factors of j?
31
Let v = -9 - -16. Let s = v - 3. List the prime factors of (24/(-10))/(s/(-10)).
2, 3
Suppose 710 = -2*m + 7*m. What are the prime factors of m?
2, 71
Let t be 18/4*2/3. Suppose 5*d + 6 = t*o - 11, 0 = 4*o + 2*d - 14. What are the prime factors of o?
2
Let i be ((-11)/(-3))/(5/15). Let n = 25 - i. List the prime factors of n.
2, 7
Suppose -m + 2*v - 6 = -1, -3*m = 5*v - 29. Suppose 2*n + 2*n = -m*a - 23, 0 = -3*n - 6. What are the prime factors of ((-8)/(-10))/((-2)/a)?
2
Let b = 10 + -1. Suppose -b = -j - 3. What are the prime factors of j?
2, 3
Suppose 0*b + 8 = 2*b. Suppose -8*y = -b*y - 80. List the prime factors of y.
2, 5
Suppose 3 - 328 = -f - 5*r, 0 = -4*f - 3*r + 1249. What are the prime factors of f?
2, 5, 31
Suppose -c = 14 - 38. Suppose -3*f - 3*f = -c. What are the prime factors of f?
2
Let k(h) = -h**3 + 6*h**2 + h - 1. Let n(l) = l + 6. Let m be n(0). Let p be k(m). Suppose -2*d + p*d = 33. What are the prime factors of d?
11
Let t(f) = 2*f**2 - 2*f - 2. Let r be t(-2). Let a = 6 - 3. Let n = r - a. What are the prime factors of n?
7
Suppose -74 = -3*z - 4*m, 2*z - 4*m + 21 = 97. What are the prime factors of z?
2, 3, 5
Let f be ((-30)/(-2))/3 + -1. Suppose -8 = 2*p - 2, -4*a + 108 = -f*p. What are the prime factors of a?
2, 3
Let k = 17 + -51. Let y = k - -51. What are the prime factors of y?
17
Let t(h) = -312*h**3 + h. List the prime factors of t(-1).
311
Suppose -2*d = 3*d. Let m be 18/((-2)/(-2) - d). Suppose 0 = -5*z + m + 72. List the prime factors of z.
2, 3
Suppose q = 2*o - 310, 0*o + 2*o = -5*q + 322. What are the prime factors of o?
2, 3, 13
Suppose -8*j + 3*j = 5, 0 = -5*o - j + 19. Suppose 24 - 88 = -o*z. What are the prime factors of z?
2
Let u(c) = -2*c**3 - 2*c**2 + 3*c + 2. Suppose 0 = 2*b + b + 6. Let r be u(b). Suppose -r = -y + 8. What are the prime factors of y?
2, 3
Suppose -118 + 38 = -4*m + 4*y, 2*y + 65 = 3*m. List the prime factors of m.
5
Let k be (-6 - -2)/(-1 - -2). Let s be (-2 + k)*1/2. What are the prime factors of (s - -1) + (11 - -1)?
2, 5
Let n(x) = x + 9. Let l(o) be the third derivative of -o**6/120 + o**5/10 + o**4/3 + o**3/6 + 4*o**2. Let d be l(7). What are the prime factors of n(d)?
17
Suppose -4*v - 202 = -5*b, -3*b + 99 = 9*v - 4*v. List the prime factors of b.
2, 19
Let q(i) = 2 + i**2 + i**2 + 3*i + 4 - i**2. List the prime factors of q(-8).
2, 23
Let g(z) = -z**3 + z + 1. Let u(c) = c - 1. Let o be u(1). Let a = -2 - o. What are the prime factors of g(a)?
7
Let m = 4 - -1. Suppose z = -5*k - 2*z + 72, m*k - 4*z - 79 = 0. Suppose 5*j - 45 = -k. List the prime factors of j.
2, 3
Let h be 95/30 - 1/6. Suppose -15 = -5*t + h*m - 8*m, 3*t - 13 = -2*m. What are the prime factors of t?
7
Suppose -q + 11 = -4. Let h = q - -8. List the prime factors of h.
23
Let n be 0/(2/(0 - 2)). Suppose n*w - 45 = -3*w. Let x = -1 + w. List the prime factors of x.
2, 7
Let t(z) = z**3 - 6*z**2 + 6*z - 1. Let c be t(5). Suppose -c*o + 26 = 2*y - 20, -o + 5*y + 6 = 0. List the prime factors of o.
11
Let p(q) be the third derivative of -q**5/60 + 5*q**4/12 - q**3/6 - 2*q**2. What are the prime factors of p(9)?
2
Let m be ((-60)/6)/(-3 + 1). Let k = 4 + m. List the prime factors of k.
3
Let g(t) = 5*t**2 - 3*t**2 + 5*t - t**2 + 7. Let r = -17 + 12. List the prime factors of g(r).
7
Suppose -3*a + 30 = 2*a. What are the prime factors of (-2)/3 + 184/a?
2, 3, 5
Suppose 4*u - 3*f = -51, 0 = -2*u + 5*u + f + 48. Let r be -25*(1 - (-21)/u). Suppose 0*s + r = s. List the prime factors of s.
2, 5
Let n(i) = 2*i**3 + i**2 + i + 3. List the prime factors of n(3).
3, 23
Suppose -3*r - r + 144 = 0. Let g be (r/15)/(1/10). Suppose -2*m = -0*m - g. What are the prime factors of m?
2, 3
Suppose 2*s + 3*s = 110. Suppose 5*n + 45 = r - 6*r, 0 = -5*n - r - 49. Let q = s + n. List the prime factors of q.
2, 3
Let p be (2 + -2)/1*1. Suppose -5*y + 42 + 23 = p. List the prime factors of y.
13
Suppose -3*s + 8 = -4*q - 6, 0 = -2*s + 5*q + 21. Suppose 86 = -2*d + 2. List the prime factors of s/(-3)*d/(-4).
7
Let x(d) = -d - 4. Let v be x(-6). Let f be 2/(-4) + 5/v. Suppose f*z + 11 = 37. What are the prime factors of z?
13
Suppose 4*o + 14 = -2*t + 54, 0 = -5*t. Suppose 5*s = 3*s + o. Suppose s*f + 3 - 23 = -5*l, -3*f - l + 20 = 0. What are the prime factors of f?
2
Let i be -2 + 27 + -6 + 3. Let j = 39 - i. What are the prime factors of j?
17
Let n(y) = 8*y + 4. Let a be n(7). What are the prime factors of ((-6)/(-18))/(2/a)?
2, 5
Let z be (2 - -14)/(2/(-2)). List the prime factors of ((-6)/8)/(1/z).
2, 3
Let k(o) = -o + 54. What are the prime factors of k(-25)?
79
What are the prime factors of (-651)/(-3) + (4/(-4) - 2)?
2, 107
Let g be 2*2 + 9/9. Suppose -65 = -g*m + 5*k, 3*k + 26 = 5*m - 3*m. List the prime factors of m.
13
Let w(c) be the third derivative of -c**4/24 - c**3/2 + 4*c**2. Let k(q) = -q**2 - q + 1. Let h be k(2). What are the prime factors of w(h)?
2
Suppose 0 = h + h - 6. Suppose -3*k + 3 = -o, h*k + 8 = 4*k + 2*o. Suppose 0 = -k*l + l + 5. List the prime factors of l.
5
Let h = 23 + 1. List the prime factors of h.
2, 3
Suppose -1090 = -11*c + c. List the prime factors of c.
109
Suppose 0 = -7*x + 11*x - 148. What are the prime factors of x?
37
Let n(l) = -l**2 + 4*l + 3. Let q be n(4). Suppose -k = 4*s + 12, q*s = 4*k - 2 - 7. Suppose -r + 5 + k = 0. List the prime factors of r.
5
Suppose u + 3*y = -2*y + 29, 0 = -5*y + 25. Suppose u - 1 = k. What are the prime factors of k?
3
Let a(h) = h**2 + 7*h - 4. Let j(c) = 3 + 3 + 2*c - 4. Let w be j(-5). What are the prime factors of a(w)?
2
Let y = 12 - 15. List the prime factors of y + (-34)/(-2) - -1.
3, 5
Let d(o) = o**3 + o**2 + o - 3. Let k be d(0). Let t be (-7)/k - 3/9. Suppose 9 = a + t. List the prime factors of a.
7
Suppose 4*r - 73 = 115. List the prime factors of r.
47
Let h be 1*(-2 + 1 + 1). Suppose h = v - 2*v + 4. List the prime factors of 1 - v*3/(-3).
5
Let l = 11 - 7. Suppose 2*s + s = -5*y + 27, 0 = y + l*s - 19. What are the prime factors of y?
3
Suppose 2*f - 4*n = 2, -6 - 2 = -3*f + n. Suppose -f*b - 2*b = -120. Suppose -3*h - h = -b. What are the prime factors of h?
2, 3
Let c = -4 - -3. Suppose -4 = -2*a + 6*a. What are the prime factors of c/((a - -3)/(-12))?
2, 3
Suppose -15 = -3*z, -4*z = q - 23 - 2. Suppose 4 = q*n - 6. List the prime factors of n.
2
Let w(r) = r + 79. List the prime factors of w(0).
79
Let v = 263 - 154. What are the prime factors of v?
109
Let o be ((-8)/28)/(1/(-7)). Suppose i + 5*q - 7 - 1 = 0, 4*i - 2*q - 32 = 0. Suppose -o*y + i = 4*c, 4*y - 2*y - 10 = -5*c. What are the prime factors of c?
2
Let t = -5 + 5. Suppose t*b - 3*b = -30. What are the prime factors of b*(0/(-2) + 2)?
2, 5
Let c(b) = -7*b**2 + 34*b**2 - 2*b + 3*b. Let f be c(1). Let o = 39 - f. What are the prime factors of o?
11
Suppose n - 4 = 4*v, 5*n - 2*n = 4*v + 4. Suppose n = -4*o - 0*o + 48. Suppose -2*y + 4*y = o. List the prime factors of y.
2, 3
Let m = 16 + -8. Suppose 2*g - 20 = -m. What are the prime factors of g?
2, 3
Suppose 2*b + 4 - 12 = 0. Suppose -1 = -b*m + 7. Suppose -4*q + m + 6 = 0. List the prime factors of q.
2
Suppose 0 = 3*x + 3*b - 57, 4*x - 4*b - 71 = 5. List the prime factors of x.
19
Let u be (-3)/((-1)/8*6). Suppose -k = -u*k + 9, -j = -5*k + 1. List the prime factors of j.
2, 7
Let b be (-4)/((-8)/(-6))*-4. Let a be (8/(-5))/(b/(-30)). List the prime factors of (2/a)/(3/18).
3
Suppose -5*q + 227 = 5*f - 8, -q = 5*f - 59. List the prime factors of q.
2, 11
Let r be (-394)/(-10) + (-6)/15. Let j = 82 - r. Suppose 4*y + 3 - j = 0. What are the prime factors of y?
2, 5
Suppose -7*s + 5*s = -154